Let a(o) = 3*o**3 - 18*o**2 + 7*o - 45. What are the prime factors of a(12)?
3, 877
Let p(l) = 5*l**3 - l + 1. Let m(r) = r + 6. Let y be m(-5). Let c be p(y). Suppose c*z = -0*z + 110. What are the prime factors of z?
2, 11
Let p(w) = w**3 + 2*w**2 + 5*w - 7. Let q be p(5). Suppose q + 132 = 13*j. List the prime factors of j.
5
Let y = -1053 + 2619. What are the prime factors of y?
2, 3, 29
Let v = -892 - -1661. List the prime factors of v.
769
Let f = 144 - 59. Let m be (-59)/(0 - (1 - 2)). Let p = m + f. List the prime factors of p.
2, 13
Let t be ((-114)/(-8))/((-2)/(-16)). Suppose -4*u - t = 226. Let w = -60 - u. What are the prime factors of w?
5
Let i be 3/((-10)/8 - -2). Let n = -44 + 23. Let m = i - n. List the prime factors of m.
5
Let d = 494 - 57. Let v = d - 260. What are the prime factors of v?
3, 59
Suppose -110*r - 3*s - 16670 = -115*r, -r = -4*s - 3334. List the prime factors of r.
2, 1667
Suppose -3*t = -3*v - 0*v - 18, -5*t + 35 = -4*v. Let b = -7 + t. Suppose -b*y + 230 = y. List the prime factors of y.
2, 23
Let y be (-9)/(-12) + (65/(-4))/(-5). Suppose -3*u - y*u = -973. What are the prime factors of u?
139
Suppose -6 - 7 = 13*p. Suppose -9 = 5*u + 21. List the prime factors of ((-2)/u)/(p/(-24)).
2
Suppose 0 = -19*o + 881 + 11013. List the prime factors of o.
2, 313
Let g(q) = q + 13. Let u be g(11). Suppose 2*l + u = -2*l. Let p = 26 + l. List the prime factors of p.
2, 5
Suppose -4*s - 3*x = -28, -7*x = -5*s - 3*x + 66. Suppose 0 = -5*j + s, -24 = -5*q - j + 178. List the prime factors of q.
2, 5
Let x be ((-28)/21)/(4/(-57)). Suppose -228 = 16*q - x*q. What are the prime factors of q?
2, 19
Let f be 9 - 10 - (-2 + 0). Let u be f*2/(-1) - -7. Suppose 2*p = u*p - 45. What are the prime factors of p?
3, 5
Let d(k) = 3*k + 17. Let u be 43/(-5) + (-12)/(-20). Let h be d(u). Let v(a) = 2*a**2 + 7*a - 3. What are the prime factors of v(h)?
2, 23
Let x(g) = g**2 - 11*g + 1. Let d be x(12). Let a = d - -39. List the prime factors of a.
2, 13
Let n(t) = t**3 + 15*t**2 + 15*t + 15. Let f be n(-14). List the prime factors of 94 - ((-2)/1 + f).
5, 19
Let f be (7 + 0)/(1/2). Let d = f + -10. Suppose 0*s + 2*s = 4*c - 122, 0 = -d*s - 20. List the prime factors of c.
2, 7
Suppose -5*c - 5*s = -1325, c = 9*s - 14*s + 273. What are the prime factors of c?
263
Suppose 0 = 2*a - 5*f + 41 + 15, 82 = -5*a - 2*f. What are the prime factors of 9*1/3 - a?
3, 7
Let i = 0 + 1. Suppose -d + 2 = -i. List the prime factors of (-39)/(-4) + d/(-4).
3
Suppose -4*o + 8029 = 3*m - 161, 2*o + 8190 = 3*m. What are the prime factors of m?
2, 3, 5, 7, 13
Suppose 0 = -3*o - 2*z + 16, -5*o + 28 = -z + 5*z. Suppose 180 = 2*d - 3*n, 9*d = o*d - 4*n + 427. List the prime factors of d.
3, 29
Let w(m) be the third derivative of 0*m + 0 + 5/6*m**3 + 1/5*m**5 + 5*m**2 + 7/24*m**4 + 1/120*m**6. What are the prime factors of w(-11)?
7
Suppose q + 0 + 1 = 0. Suppose 5*v - 5*c = 75, -4*v - c = 4*c - 60. List the prime factors of 65*((-9)/v)/q.
3, 13
What are the prime factors of 0 + -1 + (12 - -216)?
227
Let n(l) = -10*l - 7. Let w be n(-7). Let r = w - 48. What are the prime factors of r?
3, 5
Suppose -972 - 743 = -7*k. List the prime factors of k.
5, 7
Suppose 5*p - 8 = p + t, p + 5*t = -19. Let s(n) = -n**2 - n. Let i(z) = -5*z**2 - 6*z - 7. Let m(u) = p*i(u) - 6*s(u). What are the prime factors of m(6)?
29
Suppose 3*v + 0*v = -36. Let r(t) = 2*t + 4. Let w be r(-3). List the prime factors of (-57)/w - 6/v.
29
Let d = 47 - 47. Suppose d = 3*r - 6*l + 3*l - 114, 4*l + 29 = r. List the prime factors of r.
41
Suppose 0 = y - 5*j - 28, -2*y - 2*j = y - 33. Let i = -9 + y. Suppose -7 = i*h + t - 4*t, 16 = -2*h + 4*t. What are the prime factors of h?
2
Suppose 4*c + 20 = l, l + c - 3*c - 16 = 0. Let f(i) = 2*i - 12. What are the prime factors of f(l)?
2, 3
Suppose -59*u = -83*u + 113424. What are the prime factors of u?
2, 17, 139
Suppose 0 = h + 67 - 11. Let b = h + 126. Let x = b + -22. What are the prime factors of x?
2, 3
Suppose 4*s - 18 = 6. Let c be (-4 + 5)/((-1)/s). List the prime factors of (-1)/(((-4)/c)/(-2)).
3
Suppose 106*p - 17030 = 96*p. List the prime factors of p.
13, 131
Let l(p) be the third derivative of p**6/60 - p**5/30 + p**4/4 - p**3/2 - 6*p**2. List the prime factors of l(4).
3, 13
Let y be 1/5 - ((-16)/(-5) + -3). Suppose 5*n - t - 567 = -0*t, y = 5*t - 15. What are the prime factors of n?
2, 3, 19
List the prime factors of (865 + 0 - (21 - 21)) + -1.
2, 3
Suppose 15 = 3*h + 6*i - i, 3*i = h + 9. Let u = -8 + h. What are the prime factors of -2 + 108/u*-4?
2, 13
Suppose -4*s + s + 5*n + 727 = 0, 0 = 5*s + 5*n - 1225. What are the prime factors of s?
2, 61
Let r(t) = -61*t**2 + 11*t + 17. Let z be r(-2). Let o = z + 387. What are the prime factors of o?
2, 3, 23
Let r = 11 + 4. Suppose -z + 2 = r. Let y = 22 + z. List the prime factors of y.
3
Suppose 53*d - 54*d + 1035 = 0. List the prime factors of d.
3, 5, 23
Suppose -x = -5*j + 125 - 25, 4*x + 22 = 2*j. Let n = -18 + j. What are the prime factors of n?
3
Suppose -4*f + 19 + 13 = 0. Suppose 0 = -3*h + 4*u + 917, -f*u + 3*u = 2*h - 642. What are the prime factors of h?
311
Suppose -6*i = -9*i - 21. Let k(j) be the third derivative of -5*j**4/24 - 5*j**3/3 + j**2. What are the prime factors of k(i)?
5
Suppose 5*x = 4*s + 1892, -3*s = 5*x - 2299 + 428. List the prime factors of x.
2, 47
Let u(l) = l**3 - 8*l**2 - 10*l - 4. Let x be u(9). Let b = x + 20. Suppose -2*o + 51 - b = 0. List the prime factors of o.
2, 11
List the prime factors of 1/(-4) + (-11 - (-3065)/4).
5, 151
Let r be 510/24 + 2/(-8). Let n(s) = -5*s**3 + s**2 + r*s - 20*s + 1 - 2*s**2. What are the prime factors of n(-2)?
5, 7
Suppose 5*n - 655 = 2*o + 3*o, 0 = -4*n. Let a = -13 - o. List the prime factors of a.
2, 59
Let o(v) = 84*v**2 + 39*v - 154. What are the prime factors of o(4)?
2, 673
Let j = 168 + -73. Suppose -3*v - j = d, v + 4*d + 6 + 11 = 0. List the prime factors of (-6)/v - (-64)/11.
2, 3
Let d(i) = i**3 - 33*i**2 + 77*i - 69. List the prime factors of d(31).
2, 3, 11
Let m(c) = -24*c + 39. What are the prime factors of m(-22)?
3, 7
Let h(l) = 2*l + 19. Let k be h(-10). List the prime factors of (k - -77) + (5 - 4).
7, 11
Suppose -63 = 4*g - 3*q, 0 = 3*g - 3*q + 19 + 26. Let a(n) = n**3 + 17*n**2 - 20*n - 13. What are the prime factors of a(g)?
23
Let g(h) = -11*h + 9. Suppose 5*i + 5*l = 45, 2*i + 2*i - 24 = 2*l. Let z(v) = 6*v - 4. Let d(f) = i*z(f) + 3*g(f). List the prime factors of d(4).
5, 7
Let o(s) = -40*s + 101. What are the prime factors of o(-18)?
821
Let s = -19 - -22. Suppose s*y = 22 + 56. Let o = y + -20. What are the prime factors of o?
2, 3
Suppose 4*l - 2*l = 10. Suppose 5*n = l*w - 495, 399 = 4*w - 2*n - n. Suppose -2*j = -2*m - 6*j + w, 4*j - 8 = 0. What are the prime factors of m?
47
Let k be 3/(-2) - (-39)/6. Suppose k*h + 229 = 3*d, 0*d - 3*h + 189 = 3*d. What are the prime factors of d?
2, 17
Let n(o) = -2*o**3 + 8*o**2 - o + 7. Let a(x) = -x**2 - 3*x + 4. Let r be a(-3). What are the prime factors of n(r)?
3
Suppose -83*k + 5830 = -73*k. List the prime factors of k.
11, 53
Let w(i) be the first derivative of i**4/12 + 2*i**3/3 - i**2/2 - 3. Let y(t) be the second derivative of w(t). What are the prime factors of y(11)?
2, 13
Suppose -2*i = 3*i - 165. Let l be ((-2)/(-3))/((-22)/i). Let v = 8 + l. What are the prime factors of v?
7
Let q(t) = -t**2 + 23*t + 14. Let z be q(19). Let d = z - -6. List the prime factors of d.
2, 3
Let i(w) be the first derivative of w**3/3 - 3*w**2/2 - 4*w + 3. Let k be i(4). Suppose -t + 9 + 1 = k. List the prime factors of t.
2, 5
Let o = 16 + -16. Let i be 15/3 + (0 - o). Suppose 5*r = y + 4*y + 190, 0 = -y - i. What are the prime factors of r?
3, 11
Let w(d) = -2 + 0*d**3 + 6*d + d**3 - 1 + 11*d**2 - 4. Let x be w(-9). Suppose 17 = -4*n + x. What are the prime factors of n?
3, 7
Let r = -447 + 907. List the prime factors of r.
2, 5, 23
Let f(w) = -20*w**2 + 17*w + 59. Let l(s) = 7*s**2 - 6*s - 20. Let v(h) = -6*f(h) - 17*l(h). List the prime factors of v(7).
5, 7
Let y = -67 + 71. Suppose 4*z + y*s = -s + 765, z - 186 = 4*s. What are the prime factors of z?
2, 5, 19
Suppose -6*a + 4*m = -a - 449, m - 4 = 0. Let r = a - 47. What are the prime factors of r?